actors of 4111597944?
2, 3, 23, 2482849
What are the prime factors of 376431473?
11, 34221043
List the prime factors of 3869769258.
2, 3, 83, 317, 8171
List the prime factors of 1626892771.
7, 2131, 109063
List the prime factors of 809756874.
2, 3, 367, 122579
What are the prime factors of 6589608075?
3, 5, 347, 84401
What are the prime factors of 37089253?
181, 204913
List the prime factors of 2884622680.
2, 5, 137, 526391
What are the prime factors of 12842815?
5, 2568563
What are the prime factors of 2644467468?
2, 3, 12941, 17029
List the prime factors of 1170685076.
2, 11, 17, 19, 82373
List the prime factors of 5314978.
2, 23, 227, 509
What are the prime factors of 3277606012?
2, 819401503
What are the prime factors of 25700574?
2, 3, 4283429
List the prime factors of 595274803.
31, 373, 51481
List the prime factors of 5499741389.
379, 14511191
List the prime factors of 700204779.
3, 77800531
List the prime factors of 1551788775.
3, 5, 1097, 6287
List the prime factors of 89475893.
13, 6882761
What are the prime factors of 1287946234?
2, 43, 89, 191, 881
List the prime factors of 2880697480.
2, 5, 271, 265747
List the prime factors of 1422830276.
2, 7, 19, 127, 21059
What are the prime factors of 232700106?
2, 3, 19, 853, 2393
What are the prime factors of 1747457804?
2, 227, 1924513
What are the prime factors of 22138679?
43, 514853
What are the prime factors of 869210165?
5, 479, 362927
What are the prime factors of 4019061354?
2, 3, 7, 11, 23, 378229
What are the prime factors of 224232032?
2, 193, 36307
What are the prime factors of 575793421?
7, 89, 113, 8179
List the prime factors of 101282865.
3, 5, 6752191
What are the prime factors of 2356196?
2, 589049
What are the prime factors of 61724554?
2, 67, 599, 769
List the prime factors of 23116564.
2, 23, 37, 6791
List the prime factors of 1120219805.
5, 1523, 147107
List the prime factors of 1054505244.
2, 3, 13, 19, 27367
List the prime factors of 5667775.
5, 23, 9857
List the prime factors of 2663349250.
2, 5, 10653397
List the prime factors of 312971110.
2, 5, 31297111
What are the prime factors of 13027600?
2, 5, 32569
What are the prime factors of 47977368?
2, 3, 29, 2377
List the prime factors of 172579945.
5, 19, 31, 58601
What are the prime factors of 44897672?
2, 31, 181039
List the prime factors of 3852769060.
2, 5, 7, 89, 163, 271
What are the prime factors of 44374754?
2, 101, 219677
What are the prime factors of 187755174?
2, 3, 17, 263, 2333
List the prime factors of 84328374.
2, 3, 13, 1081133
What are the prime factors of 1330921631?
13, 193, 571, 929
What are the prime factors of 59609819?
29, 2055511
What are the prime factors of 11895338?
2, 7, 13, 9337
What are the prime factors of 4617854036?
2, 1154463509
What are the prime factors of 592583039?
19, 191, 283, 577
What are the prime factors of 96358709?
19, 5071511
List the prime factors of 1375706691.
3, 17, 157, 57271
List the prime factors of 67705086.
2, 3, 11284181
List the prime factors of 249153963.
3, 23, 1291, 2797
What are the prime factors of 972451535?
5, 11, 17680937
What are the prime factors of 39500528?
2, 1523, 1621
List the prime factors of 484857316.
2, 2381, 50909
List the prime factors of 261353718.
2, 3, 37, 392423
What are the prime factors of 33744585?
3, 5, 7, 31, 1481
List the prime factors of 62994375.
3, 5, 3733
What are the prime factors of 67420846?
2, 31, 1087433
What are the prime factors of 4141322?
2, 2070661
List the prime factors of 1310213880.
2, 3, 5, 404387
What are the prime factors of 993740512?
2, 31054391
What are the prime factors of 45654203?
7, 1109, 5881
List the prime factors of 37151957.
43, 71, 283
What are the prime factors of 5506647124?
2, 11, 4073, 30727
What are the prime factors of 749363625?
3, 5, 29, 103, 223
What are the prime factors of 329230854?
2, 3, 271, 67493
What are the prime factors of 3736348798?
2, 7, 13, 20529389
What are the prime factors of 27524673?
3, 11, 19, 14633
What are the prime factors of 639223238?
2, 4793, 66683
List the prime factors of 100125170.
2, 5, 10012517
What are the prime factors of 31850353?
31850353
What are the prime factors of 6453061739?
17, 641, 691, 857
List the prime factors of 1556006150.
2, 5, 163, 190921
What are the prime factors of 769107581?
11, 61, 79, 1319
List the prime factors of 280860195.
3, 5, 7, 11, 241, 1009
What are the prime factors of 1157180208?
2, 3, 17, 283, 5011
List the prime factors of 105841309.
7, 15120187
List the prime factors of 987680265.
3, 5, 11, 13, 137, 3361
What are the prime factors of 130081884?
2, 3, 10840157
What are the prime factors of 535030155?
3, 5, 11, 191, 5659
What are the prime factors of 6052321?
11, 550211
List the prime factors of 9119629.
9119629
List the prime factors of 138553556.
2, 47, 736987
What are the prime factors of 238475373?
3, 97, 819503
List the prime factors of 891176940.
2, 3, 5, 1481, 3343
List the prime factors of 335744537.
193, 1739609
List the prime factors of 18405181.
853, 21577
List the prime factors of 8797366957.
11443, 768799
List the prime factors of 112164295.
5, 22432859
List the prime factors of 35565267.
3, 1933, 6133
List the prime factors of 89688410.
2, 5, 7, 1281263
What are the prime factors of 321544152?
2, 3, 31, 144061
List the prime factors of 145015343.
11, 13183213
List the prime factors of 51062769.
3, 577, 9833
What are the prime factors of 3467330587?
7, 15139, 32719
List the prime factors of 1068688358.
2, 31, 59, 197, 1483
What are the prime factors of 873859223?
139, 149, 42193
What are the prime factors of 162352928?
2, 5073529
What are the prime factors of 1116797580?
2, 3, 5, 19, 326549
What are the prime factors of 1799551889?
1799551889
List the prime factors of 69032330.
2, 5, 1801, 3833
List the prime factors of 2462068069.
47, 113, 463579
List the prime factors of 37647602.
2, 4049, 4649
List the prime factors of 7506678363.
3, 37, 241, 280613
List the prime factors of 520357574.
2, 11, 23652617
List the prime factors of 179384719.
19, 97, 131, 743
What are the prime factors of 2366052102?
2, 3, 19, 59, 117259
List the prime factors of 110594174.
2, 19, 31, 223, 421
List the prime factors of 593682016.
2, 109, 170207
What are the prime factors of 143899484?
2, 421, 85451
List the prime factors of 12814285.
5, 11, 232987
List the prime factors of 99523637.
99523637
What are the prime factors of 5901272?
2, 13, 179, 317
List the prime factors of 1957563824.
2, 1031, 118669
List the prime factors of 90866212.
2, 1277, 17789
What are the prime factors of 103349251?
37, 2793223
What are the prime factors of 228732131?
431, 530701
List the prime factors of 584680641.
3, 131, 947, 1571
What are the prime factors of 349893540?
2, 3, 5, 647951
List the prime factors of 174682529.
7, 107, 233221
List the prime factors of 279241452.
2, 3, 7, 431, 857
List the prime factors of 51089883.
3, 13, 100769
What are the prime factors of 1774423?
7, 29, 8741
List the prime factors of 480691063.
79, 127, 47911
What are the prime factors of 81435264?
2, 3, 31, 6841
What are the prime factors of 1249036040?
2, 5, 7, 607, 7349
What are the prime factors of 230234619?
3, 76744873
What are the prime factors of 1138806025?
5, 7, 6507463
List the prime factors of 68673314.
2, 887, 38711
List the prime factors of 99102296.
2, 1427, 8681
List the prime factors of 78977071.
78977071
List the prime factors of 213332683.
213332683
What are the prime factors of 16296975?
3, 5, 72431
List the prime factors of 570499866.
2, 3, 23, 1378019
What are the prime factors of 76875283?
76875283
List the prime factors of 11622399.
3, 3874133
What are the prime factors of 2437483439?
2437483439
List the prime factors of 30248756.
2, 7562189
What are the prime factors of 272176079?
7, 421, 92357
What are the prime factors of 169836884?
2, 7, 6065603
What are the prime factors of 19994832?
2, 3, 11, 13, 971
List the prime factors of 776969572.
2, 194242393
What are the prime factors of 426841018?
2, 601, 355109
What are the prime factors of 363181128?
2, 3, 15132547
What are the prime factors of 333997973?
23, 14521651
List the prime factors of 2947428353.
157, 18773429
List the prime factors of 2097042616.
2, 17, 19, 31, 47, 557
List the prime fac